1. Let n be 1/(j/4 - 2). Calculate u(n).
-5
Let x(p) = -2*p**2 - 3*p + 19. Let c(f) = -f**2 - 2*f + 10. Let z(s) = -5*c(s) + 3*x(s). Calculate z(6).
-23
Let z(d) = 14 - 7 + 5*d - 12. Let c(s) be the third derivative of s**4/12 - s**3/3 - s**2. Let o(n) = 9*c(n) - 4*z(n). Give o(5).
-8
Let q(i) = 9 - 7 + 0 - 3*i. Calculate q(2).
-4
Let g(l) be the third derivative of -l**6/120 - l**5/12 + l**4/24 + 7*l**3/6 - 17*l**2. Let u be (-17)/3 + 8/12. What is g(u)?
2
Let s(k) = 3*k - 70. Let p be s(21). Let z(x) = -x**2 - 4*x + 10. What is z(p)?
-11
Let j = -3 + 3. Let b(k) = -k**2. Let w(t) = t**3 - 4*t**2 - t + 7. Let f(r) = -3*b(r) + w(r). Determine f(j).
7
Let u(a) be the second derivative of -a**3/6 - 2*a**2 + 34*a. Determine u(8).
-12
Let u(g) be the third derivative of -g**4/24 + 2*g**2. Determine u(-2).
2
Let m(p) = 2*p - 1. Let a(z) = -z + 1. Let v(d) = -10*a(d) - 6*m(d). Suppose 0 = 4*l - 65 + 21. Suppose 3*h = 2 - l. Calculate v(h).
2
Let m(w) = -12 + 7 + 7 + 0*w - 4*w. Determine m(-3).
14
Let f(z) = z + 10. Let r be (54/(-15))/(6/15). Give f(r).
1
Let u(d) = d**2 - 12*d - 1 + 8*d - 6*d + 7. Calculate u(9).
-3
Let g(d) = -5*d - 13. Let j(h) = -h + 1. Let z(f) = 20*f - 12. Let s(q) = -36*j(q) - 2*z(q). Let r(l) = -5*g(l) + 6*s(l). Calculate r(4).
-3
Suppose 0 = -3*z + 15 + 45. Suppose -4*a = 3*v, -6*v + z = -v. Let y(g) be the third derivative of g**5/60 + g**4/12 - g**3/6 + 6*g**2. What is y(a)?
2
Let t(s) = -6*s**2 - 2*s - 3. Let l(d) = -d**2 - d + 3*d + 3 + 6*d**2. Suppose 3*z - 1 = 11. Let j(r) = z*t(r) + 5*l(r). What is j(-3)?
6
Let g(h) = 2*h + 3. Let q(y) = -4*y - 7. Let s(n) = -5*g(n) - 2*q(n). Let i be (-2)/(-2) + 0 + -2. Determine s(i).
1
Let q(z) = z**3 + 5*z**2 + 2*z. Suppose 2*j = 4*r + r + 12, -5*r = -3*j + 8. Determine q(r).
8
Let w(u) be the first derivative of -u**4/4 - 5*u**3/3 + u**2/2 + u - 18. Give w(-3).
-20
Let h(m) = m**3 - m**2 - m. Let s = 1 + 0. Suppose -2*r = s + 1. Let g(c) = -2*c**3 + 5*c**2 - c + 2. Let b(x) = r*h(x) - g(x). Calculate b(3).
-5
Let v(h) be the second derivative of -1/12*h**4 - h**3 - 3*h + 0 + 3*h**2. Give v(-6).
6
Let v(b) = b**3 + 6*b**2 - 8*b - 7. Let p be v(-7). Let r(w) = -w**3 + 5*w**2 - w**2 - w - 3*w**2 - 1. Determine r(p).
-1
Let p(x) be the second derivative of -x**4/12 - 4*x**3/3 + x. Calculate p(-8).
0
Let l(j) = 3*j - 2*j - 3 + 4 + 1. Suppose 0 = s - 2, -s - 2 = -3*a - 7. Let z be l(a). Let m(k) = -12*k. Determine m(z).
-12
Let u(p) = p**2 - 4. Let c be u(-3). Let y(h) be the third derivative of 1/24*h**4 + 0*h + 0 - 2*h**2 - 1/6*h**3. What is y(c)?
4
Let t(c) = 3*c - 7. Let g = -27 + 33. Give t(g).
11
Let t(g) = 15*g**3 - g + g**2 - 6 - 11*g**3 - 3*g**3. Suppose 0*w + w = 0. What is t(w)?
-6
Suppose 0 = 3*p - 4*k - 6 - 12, -4*p = 4*k - 24. Suppose 3*o + p + 4 = -m, 0 = o - 2*m - 6. Let q(r) = 4*r**2 + 3*r + 1. Give q(o).
11
Let v(f) be the second derivative of 7*f**4/12 + f**3/6 - f**2/2 + 9*f - 1. Determine v(1).
7
Let a(z) = z - 1. Suppose 0 = -3*x + 59 + 64. Let i(h) = 2*h - 5. Let q be i(5). Suppose -4*u = q*b + x, 3*b + 5 = -u - 14. Give a(u).
-5
Let s(f) = -5 + 2*f**2 - 3*f + 2 + 2 + 2. Determine s(2).
3
Suppose 0 = -2*t + t - 2*i + 1, 0 = 2*t - 4*i - 10. Suppose 0 = -a - 2 + t. Let o(d) = -11*d**3 - d**2 + d - 1. Calculate o(a).
-12
Let o(f) = 2*f - 5. Suppose 25 = 5*a - 3*n, -7 = -4*a + 4*n + 13. What is o(a)?
5
Let f = -73 - -67. Let p(v) = -v**3 - 5*v**2 + 6*v + 1. Determine p(f).
1
Let d(h) be the first derivative of h**2/2 + 3*h + 7. Give d(4).
7
Let z(a) = -a**2 + 5*a + 3. Let h(c) be the first derivative of c**3/3 - 5*c**2/2 - 2*c - 2. Let v(n) = 3*h(n) + 2*z(n). Give v(3).
-6
Let t = 3 - 11. Let s(x) = -x - 6. Let p be s(t). Let l(m) = m**2 + m + 0*m**p - 3 + 0. Give l(0).
-3
Let o(l) = 5*l + l**2 + 1 + 4*l - 5*l + 0. What is o(-5)?
6
Let d(x) = -x + 1. Let t(v) = 9*v + 1. Let j be t(-1). Let c(n) = n**3 + 5*n**2 + 5*n - 1. Let y be c(-4). Let s = y - j. Determine d(s).
-2
Let x = -16 + 27. Let z be (-124)/(-44) - (-2)/x. Let t(y) = z*y - 6*y + y + 0*y. Calculate t(3).
-6
Let w(p) be the first derivative of p**2/2 - 14*p - 51. What is w(7)?
-7
Let v(r) = 104*r + 3*r**2 - 105*r + 3*r**2. Let x be ((-12)/(-10))/((-6)/(-20)). Suppose -x*q + 2*q + 2 = 0. Calculate v(q).
5
Let l(m) = -4*m**2 + 3*m**2 - m**3 + 2*m**2 - 2*m**2 - 1. Let q be l(-2). Let x(u) = -2*u**2 + 4*u - 4. Give x(q).
-10
Let w(o) = o**2 + 2*o + 3. Let c = -5 + 5. Suppose 0 = -2*t + 15 - 5, -2*f - t + 29 = c. Suppose z = 5*v - f, 3*v = v + 4. Give w(z).
3
Suppose -2*y + 4*p + 10 = -0*p, -3*y + 4*p = -13. Suppose -y - 3 = 3*i. Let w(g) = 4*g - 1. Determine w(i).
-9
Let n(m) be the second derivative of -m**3/6 - 7*m**2/2 + 4*m. Calculate n(-6).
-1
Let i(j) be the third derivative of j**5/60 + j**4/6 + j**3 - 10*j**2. What is i(-4)?
6
Let w be 16/6*(-6)/(-4). Suppose -5*z + w = -21. Let y(m) = m**2 - 3*m - 7. Give y(z).
3
Let n(j) be the third derivative of -j**4/12 - j**3/2 - j**2 + 6. Determine n(6).
-15
Suppose 0 = -4*l + 3*q + 2*q - 34, 5*q - 4 = -l. Let x(a) be the second derivative of a**3/6 + 11*a**2/2 - 438*a. Determine x(l).
5
Let z(w) = w**2 + w - 1. Let j(b) = b**3 - 3*b**2 - 4*b. Let d be j(4). Suppose d = -6*a + 5*a - 3. Give z(a).
5
Let t(v) = 16 - 20*v + 34*v - 15. What is t(1)?
15
Let h(i) = i**2 + 7*i + 6. Let d be h(-6). Let x = -4 + d. Let y(q) = q**2 + 2*q - 1. Calculate y(x).
7
Let u(z) = -z**3 + 5*z**2 + 4*z + 5. Let n(m) = -m + 9. Let s be n(7). Let l(g) = g**2 + g. Let t be l(s). Give u(t).
-7
Let j(f) = -3*f + 4. Suppose -3*m + 10 = -44. Let u be (2/(-3))/((-3)/m). Calculate j(u).
-8
Let d(k) = -4 + 7 + 0*k**2 + k**2. Suppose a - 5*a = 0. Determine d(a).
3
Let i(k) = -k - 8. Let r = 4 - 9. Let u be i(r). Let l(x) = x**3 + 4*x**2 + 2*x + 4. Give l(u).
7
Let o(y) = y**3 - 2*y**2 - 3*y + 4. Suppose -3*r + 3*z + 9 = z, 4*r - 4*z = 16. Let q = r - 1. Let h be 12*(q + 3/12). Give o(h).
4
Let m(r) = -r**3 - 2*r**2 - 3. Let z(p) = p**3 - p**2 + p. Let g(d) = -m(d) - 2*z(d). Give g(3).
6
Let g(x) be the second derivative of x**4/24 + 5*x**3/6 - 2*x**2 + 5*x. Let h(k) be the first derivative of g(k). Give h(-6).
-1
Let u = 0 - -3. Let r(z) = z**2 + 1 - z**u - 1 + 3 - 4. Give r(2).
-5
Let i = 0 - -2. Suppose 5*q + 3 = -i. Let g be -4 + q - (-2)/1. Let b(k) = -k**2 - 2*k + 2. What is b(g)?
-1
Let o(t) = -t**2 - t - 8. Let p be 4 - 6 - (1 + -6). Let g = -3 + p. Determine o(g).
-8
Let i(n) = -n**3 - 5*n**2 - 5*n. Let s(k) = k**2 + 8*k + 8. Let j be s(-6). Determine i(j).
4
Let m(k) = 2*k**2 + 7*k - 4. Let b be m(-4). Suppose 3*p - 32 + 23 = b. Let v(s) = -3*s + 2. Determine v(p).
-7
Let q(n) = n**2 - n + 12. Suppose -1 = 3*h - 10. Suppose h*d = 2*x + 3, d - 5 = 2*x - 4*d. Give q(x).
12
Let q = -11 + 15. Suppose x = -x + q*w, -30 = -5*x - 5*w. Let g(v) = -v**2 + 3*v. Give g(x).
-4
Let j(c) be the first derivative of c**3/3 - c**2 - 2*c + 9. Suppose -2*y = -4*b + 6, 0 = -b + 2*b + 4*y - 24. Calculate j(b).
6
Let t(v) = v**2 + 3*v + 1. Let y(z) = z**2 + 7*z - 2. Let s be y(-7). Determine t(s).
-1
Let g(y) = -y**2 + 6*y - 5. Let v be g(5). Suppose v = 4*l - 2*l. Let p(i) = i**3 + i**2 + i - 6. Give p(l).
-6
Let l(s) = -s**3 + 8*s**2 - 9*s + 8. Suppose 7*j + 0*j = 49. Calculate l(j).
-6
Let a(i) = i**3 - 6*i**2 + 4*i + 1. Let n(b) = 15*b**2 + 10*b - 7. Let k(p) = 8*p**2 + 5*p - 4. Let u(t) = -11*k(t) + 6*n(t). Let r be u(-3). What is a(r)?
-4
Let z = -4 - 0. Let s(n) = 3*n**2 - n - 4. Let y(j) = -4*j**2 + j + 3. Let k(u) = z*y(u) - 5*s(u). Determine k(0).
8
Let f(q) = 4*q**2 + 3*q + 4. Let c(b) = b**2. Let y(p) = -6*c(p) + f(p). Give y(3).
-5
Suppose 3*l + l = 0. Let b(i) be the third derivative of -1/3*i**3 + 0 + 2*i**2 + 1/24*i**4 + 0*i. Determine b(l).
-2
Let f(u) = u**3 - 5*u**2. Suppose -45*q - 25 = -50*q. What is f(q)?
0
Let y(l) = 4*l**2 - 2*l - 1. Suppose -p + 2*w - 4 - 7 = 0, -5*w = 2*p - 23. Determine y(p).
5
Let s(y) = 5*y**3 + 2*y - 1. Let h(n) = 15*n**2 - 1. Let t be h(-1). Let f = -13 + t. Calculate s(f).
6
Let q = 14 + -9. Suppose -3*z = 5*t + 18 + 17, 0 = q*z + 25. Let w(k) = 2*k + 2. Give w(t).
-6
Let f be (-444)/72 + 2/12. Let q(a) = a**2 + 7*a + 4. Determine q(f).
-2
Let n(i) = -1 + 4*i**2 + 0*i**3 + 5*i**2 + 8*i + 3*i**3 - i**2. Let b(p) = -5*p - 15*p**2 - 10*p - 5*p**3 + 1 + 0*